{"id":573,"date":"2025-05-23T00:26:10","date_gmt":"2025-05-22T22:26:10","guid":{"rendered":"https:\/\/laniusekologi.se\/?page_id=573"},"modified":"2025-12-31T10:59:46","modified_gmt":"2025-12-31T09:59:46","slug":"karriar","status":"publish","type":"page","link":"https:\/\/laniusekologi.se\/?page_id=573","title":{"rendered":"Karri\u00e4r"},"content":{"rendered":"\n<p>Lanius Ekologi \u00e4r en liten firma men med h\u00f6ga ambitioner om att bidra till en h\u00e5llbar samh\u00e4llsutveckling. V\u00e5ra tj\u00e4nster \u00e4r v\u00e4ldigt efterfr\u00e5gade, s\u00e5 vi vill g\u00e4rna ha fler trevliga medarbetare. Vi v\u00e4lkomnar s\u00e4rskilt nya kollegor som har erfarenheter av<\/p>\n\n\n\n<ul class=\"wp-block-list\">\n<li>naturv\u00e4rdesinventeringar (NVI:er) enligt svensk standard,<\/li>\n\n\n\n<li>GIS,<\/li>\n\n\n\n<li>inventeringar av mossor, lavar, k\u00e4rlv\u00e4xter, insekter och arter i limniska milj\u00f6er, samt <\/li>\n\n\n\n<li>utredningar om biologisk m\u00e5ngfald, s\u00e4rskilt artskyddsutredningar, men \u00e4ven framtagande av sk\u00f6tselplaner av skog och urbana milj\u00f6er.  <\/li>\n<\/ul>\n\n\n\n<p>Vi v\u00e4rderar egna initiativ, passion och driv, men \u00e4ven ett stort m\u00e5tt av social kompetens uppskattas. Mycket av arbetet sker i f\u00e4lt, s\u00e5 vana av ensamarbete i skog och mark \u00e4r ett m\u00e5ste. Arbetsspr\u00e5ket \u00e4r svenska, s\u00e5 det \u00e4r viktigt att du beh\u00e4rskar svenska i tal och skrift.<\/p>\n\n\n\n<p>Lanius Ekologi kan erbjuda trygga anst\u00e4llningsvillkor (anslutet till kollektivavtal), sp\u00e4nnande projekt, trevliga medarbetare samt stor frihet i arbetss\u00e4tt (distans eller hybrid) och anst\u00e4llningsform (heltid, deltid eller timanst\u00e4llning).<\/p>\n\n\n\n<p>Om detta l\u00e5ter intressant \u00e4r du v\u00e4lkommen att <a href=\"https:\/\/laniusekologi.se\/?page_id=264\" data-type=\"page\" data-id=\"264\">kontakta Lanius Ekologi<\/a> f\u00f6r vidare samtal om hur vi kan samarbeta i framtiden.<\/p>\n","protected":false},"excerpt":{"rendered":"<p>Lanius Ekologi \u00e4r en liten firma men med h\u00f6ga ambitioner om att bidra till en h\u00e5llbar samh\u00e4llsutveckling. V\u00e5ra tj\u00e4nster \u00e4r v\u00e4ldigt efterfr\u00e5gade, s\u00e5 vi vill g\u00e4rna ha fler trevliga medarbetare. Vi v\u00e4lkomnar s\u00e4rskilt nya kollegor som har erfarenheter av Vi v\u00e4rderar egna initiativ, passion och driv, men \u00e4ven ett stort m\u00e5tt av social kompetens uppskattas. [&hellip;]<\/p>\n","protected":false},"author":1,"featured_media":0,"parent":0,"menu_order":0,"comment_status":"closed","ping_status":"closed","template":"","meta":{"footnotes":""},"class_list":["post-573","page","type-page","status-publish","hentry"],"_links":{"self":[{"href":"https:\/\/laniusekologi.se\/index.php?rest_route=\/wp\/v2\/pages\/573","targetHints":{"allow":["GET"]}}],"collection":[{"href":"https:\/\/laniusekologi.se\/index.php?rest_route=\/wp\/v2\/pages"}],"about":[{"href":"https:\/\/laniusekologi.se\/index.php?rest_route=\/wp\/v2\/types\/page"}],"author":[{"embeddable":true,"href":"https:\/\/laniusekologi.se\/index.php?rest_route=\/wp\/v2\/users\/1"}],"replies":[{"embeddable":true,"href":"https:\/\/laniusekologi.se\/index.php?rest_route=%2Fwp%2Fv2%2Fcomments&post=573"}],"version-history":[{"count":4,"href":"https:\/\/laniusekologi.se\/index.php?rest_route=\/wp\/v2\/pages\/573\/revisions"}],"predecessor-version":[{"id":618,"href":"https:\/\/laniusekologi.se\/index.php?rest_route=\/wp\/v2\/pages\/573\/revisions\/618"}],"wp:attachment":[{"href":"https:\/\/laniusekologi.se\/index.php?rest_route=%2Fwp%2Fv2%2Fmedia&parent=573"}],"curies":[{"name":"wp","href":"https:\/\/api.w.org\/{rel}","templated":true}]}}